
In base 7, what is 145211 + -2?
145206
In base 15, what is -18a + 1b7?
2c
In base 9, what is -1302404 - -3?
-1302401
In base 12, what is 3 + 201b?
2022
In base 6, what is -14 - 1331155?
-1331213
In base 12, what is -578 - 95?
-651
In base 13, what is 972 - -111?
a83
In base 2, what is -10001001101011011 - 0?
-10001001101011011
In base 14, what is -70 + 24?
-4a
In base 10, what is 49795 - 1?
49794
In base 2, what is 1100000011111010 - -10?
1100000011111100
In base 14, what is -15a991 + 0?
-15a991
In base 7, what is 3 - -336445?
336451
In base 2, what is 1010 + 10010011111?
10010101001
In base 16, what is 4 + -2218?
-2214
In base 6, what is 453 - -13340?
14233
In base 15, what is -3e - -4ecd?
4e8e
In base 7, what is -3 + -16243?
-16246
In base 5, what is 0 - -11303314?
11303314
In base 3, what is 22221 - 10000?
12221
In base 12, what is 20 - 565?
-545
In base 7, what is -1233230 + -3?
-1233233
In base 8, what is 2760 - 7?
2751
In base 8, what is 141727 - -1?
141730
In base 14, what is -36 - -1551?
1519
In base 15, what is e1 - -a19?
b0a
In base 4, what is -12 - -101101?
101023
In base 11, what is -33298 - 4?
-332a1
In base 9, what is 1 + -2567?
-2566
In base 9, what is 506527 + 0?
506527
In base 15, what is 55e1b - -2?
55e1d
In base 5, what is -20 + 2003422?
2003402
In base 6, what is 203 + 12041?
12244
In base 3, what is -10 + -20122220110?
-20122220120
In base 4, what is 1012113 - 10?
1012103
In base 6, what is 3 - -114205?
114212
In base 8, what is 22315 - 43?
22252
In base 10, what is -1055 + -13?
-1068
In base 3, what is -202 + 12011210?
12011001
In base 15, what is -11d14 + -e?
-11d23
In base 4, what is 32 + 232211?
232303
In base 8, what is 3727117 + 2?
3727121
In base 11, what is 144 + 2924?
2a68
In base 11, what is -178 + -501?
-679
In base 2, what is -1 - 100000100110000011?
-100000100110000100
In base 12, what is 778 + 24?
7a0
In base 7, what is 3 - -241233?
241236
In base 4, what is 2331 - -20?
3011
In base 15, what is 4 + 3c63?
3c67
In base 6, what is -1504 - -351?
-1113
In base 11, what is 33 - 2529?
-24a6
In base 3, what is -2212100 + 102?
-2211221
In base 10, what is 21431 - 3?
21428
In base 9, what is 4 - 62753?
-62748
In base 7, what is -2046 - 152?
-2231
In base 10, what is 826 + -93?
733
In base 16, what is 1 - 1513?
-1512
In base 9, what is -1 + 236130?
236128
In base 5, what is -4 + -141231230?
-141231234
In base 8, what is 2 - -14731?
14733
In base 16, what is -7748 - -f?
-7739
In base 15, what is 3 + 48a3?
48a6
In base 16, what is 6e + 18a?
1f8
In base 16, what is 9a + 12?
ac
In base 11, what is a0a7 - 0?
a0a7
In base 13, what is 4 - -2019c?
201a3
In base 13, what is 9 + 37c2?
37cb
In base 8, what is -1644 + -66?
-1732
In base 13, what is -4 - 61229?
-61230
In base 6, what is 1304 - 1?
1303
In base 14, what is 0 - a91?
-a91
In base 8, what is 4 - 100015?
-100011
In base 11, what is 44 + -162?
-119
In base 14, what is 1 - 4681?
-4680
In base 8, what is 2 - 445106?
-445104
In base 10, what is 231 + -126?
105
In base 10, what is 155 - -159?
314
In base 4, what is -11 - 10001?
-10012
In base 6, what is -434353 - 312?
-435105
In base 2, what is 10000100 - -1001010?
11001110
In base 12, what is -a9 - 1646?
-1733
In base 13, what is -2 - -b8?
b6
In base 10, what is -7 + 852?
845
In base 7, what is 2 + 4003?
4005
In base 11, what is 53a + 13?
552
In base 6, what is -54 - -1535?
1441
In base 11, what is 0 + 73a3?
73a3
In base 12, what is 53768a - 5?
537685
In base 16, what is -7 + -4af7?
-4afe
In base 7, what is -2020612 - 0?
-2020612
In base 6, what is -331322 - 2?
-331324
In base 7, what is 132404 + -2?
132402
In base 15, what is -1c9d - 17?
-1cb5
In base 12, what is 192 + 3a?
210
In base 12, what is 528313 + -4?
52830b
In base 11, what is -15 - 6355?
-636a
In base 4, what is -11 - -3310110?
3310033
In base 8, what is 5022 + 4?
5026
In base 5, what is 1113102 + 3?
1113110
In base 2, what is 10010101 + 11101101?
110000010
In base 7, what is 2 - 214150?
-214145
In base 6, what is -105302 + 20?
-105242
In base 2, what is 10101110 + 1100010100100100?
1100010111010010
In base 10, what is -54612 - -30?
-54582
In base 4, what is 230 + 1100230?
1101120
In base 2, what is -110001100111000100 - 1?
-110001100111000101
In base 4, what is -11 + -33111230?
-33111301
In base 16, what is 1c + -2a9?
-28d
In base 7, what is 5 + -236334?
-236326
In base 15, what is e9 - b23?
-a29
In base 3, what is -11101102 - 1120?
-11102222
In base 15, what is 1 + 6bae?
6bb0
In base 6, what is 4035 - -1004?
5043
In base 15, what is 6671 - -1?
6672
In base 12, what is -5 - 60661?
-60666
In base 9, what is 15 - -1180?
1205
In base 5, what is 2210402 - -3?
2210410
In base 16, what is -40 + -19f3?
-1a33
In base 7, what is 13521 - -266?
14120
In base 6, what is 21125 + 104?
21233
In base 7, what is 2052133 - 1?
2052132
In base 3, what is 10 + 12110210?
12110220
In base 4, what is 13223 + 33111?
113000
In base 3, what is -100010 - -202102?
102022
In base 3, what is -1210002 - -1010022?
-122210
In base 4, what is -2313 - 20022?
-23001
In base 13, what is b28 - -5?
b30
In base 3, what is 12 - 2201202221?
-2201202202
In base 12, what is -2798 + 16?
-2782
In base 15, what is 413c - a?
4132
In base 7, what is -4 - -1253063?
1253056
In base 14, what is -1513 - 2?
-1515
In base 7, what is 0 + 430640?
430640
In base 7, what is -3025251 + 10?
-3025241
In base 16, what is -3f + 175c?
171d
In base 2, what is -1010011101100 + 1111?
-1010011011101
In base 13, what is -126073 - 5?
-126078
In base 15, what is 20 - 299?
-279
In base 2, what is -1000010 - 101101111111001?
-101110000111011
In base 6, what is 1400 + 541?
2341
In base 4, what is -11 + -2213002301?
-2213002312
In base 13, what is -217 + -94?
-2ab
In base 16, what is -35a + -319?
-673
In base 6, what is 153353 - -213?
154010
In base 8, what is -62427 + 3?
-62424
In base 15, what is -c13065 + 3?
-c13062
In base 9, what is 3 + 10725?
10728
In base 15, what is -1e9 + -693?
-88c
In base 16, what is 8 - -b67?
b6f
In base 12, what is 639309 + 0?
639309
In base 5, what is -1012143 + 2?
-1012141
In base 7, what is 13105 - -34?
13142
In base 10, what is 5585 - -8?
5593
In base 14, what is 37340 + 1?
37341
In base 14, what is 22d - 567?
-338
In base 12, what is 402 + -1a1?
221
In base 15, what is -14 - -25ccc?
25cb8
In base 12, what is 30a6a - -3?
30a71
In base 15, what is 5 + 4b03e?
4b044
In base 3, what is 210 - 2012211?
-2012001
In base 12, what is 3b56 + 86?
4020
In base 4, what is -21101 + 2312?
-12123
In base 11, what is -4200 - -154?
-4057
In base 2, what is 11 + -11110000111001?
-11110000110110
In base 13, what is -24 - -10c9?
10a5
In base 5, what is 30120 + -4002?
21113
In base 14, what is -5 - a8704?
-a8709
In base 2, what is 111000111001 - 1101101111?
101011001010
In base 7, what is 106 - 1142?
-1033
In base 14, what is 45d5 + 4?
45d9
In base 10, what is -1646 - -231?
-1415
In base 14, what is -3 - -47560?
4755b
In base 11, what is -84104a - 3?
-841052
In base 12, what is 4 + 129775?
129779
In base 3, what is 210111000 - -22?
210111022
In base 12, what is -1 + 35a27?
35a26
In base 5, what is 0 - 322440?
-322440
In base 11, what is 455 + -65?
3a0
In base 6, what is 1234511 + 15?
1234530
In base 12, what is -1 - -261524?
261523
In base 10, what is 833 - -5?
838
In base 5, what is -412421123 - -10?
-412421113
In base 14, what is -5 + 13a23?
13a1c
In base 3, what is -11 + 12021122?
12021111
In base 13, what is 12b - ab5?
-987
In base 14, what is 69939 - -3?
6993c
In base 7, what is 5231024 - 2?
5231022
In base 14, what is -54c64 + 4?
-54c60
In base 2, what is 10 + -1101000000000?
-1100111111110
In base 2, what is -1 + 1001110001001100?
1001110001001011
In base 10, what is 3 + -141711?
-141708
In base 15, what is -800 - b9?
-8b9
In base 2, what is 11111 - 10101110111010?
-10101110011011
In base 11, what is -60280 - 24?
-602a4
In base 12, what is -a8 + 1022?
b36
In base 8, what is -160 - -2342?
2162
In base 5, what is -22 - 230100?
-230122
In base 7, what is 0 - -42511?
42511
In base 2, what is -110 - -11110101000110010011?
11110101000110001101
In base 11, what is -3a - 102a?
-1069
In base 13, what is 109474a - -2?
109474c
In base 14, what is 4 + 1b14?
1b18
In base 6, what is 22314 + 2301?
25015
In base 11, what is -50965